{"id":135,"date":"2023-12-07T21:49:32","date_gmt":"2023-12-07T19:49:32","guid":{"rendered":"https:\/\/www.smilla-designs.de\/?page_id=135"},"modified":"2023-12-07T21:49:32","modified_gmt":"2023-12-07T19:49:32","slug":"av-medien","status":"publish","type":"page","link":"https:\/\/www.smilla-designs.de\/?page_id=135","title":{"rendered":"Av Medien"},"content":{"rendered":"\n<div style=\"height:100px\" aria-hidden=\"true\" class=\"wp-block-spacer\"><\/div>\n\n\n\n<h2 class=\"wp-block-heading alignwide\">Integumentum<\/h2>\n\n\n\n<p>Def.; K\u00f6rperdecke, bzw. \u00e4u\u00dfere K\u00f6rperh\u00fclle des Menschen.<\/p>\n\n\n\n<p>Zum Thema &#8222;H\u00e4utungen&#8220; galt es eigene Ideen in Form von Video und Ton zu verkn\u00fcpfen und k\u00fcnstlerisch umzusetzen. Das Thema wird dabei auf ganz pers\u00f6nliche Weise reflektiert:<\/p>\n\n\n\n<p>Der Prozess der H\u00e4utung wird filmisch dargestellt, die zus\u00e4tzlich aufgetragene Hautschicht verfremdet den K\u00f6rper dabei, so das dieser k\u00fcnstlich verzerrt wirkt. Die aufgetragenen Schichten stellen eine Erweiterung der K\u00f6rperh\u00fclle dar und vermitteln dabei eine verst\u00e4rkte Intimit\u00e4t.                                                                                                                                                                                        Der Mensch wird auf seine Hautschichten, im physischen und emotionalen Sinn, auf seine K\u00f6rperh\u00fclle reduziert. Der H\u00e4utungsprozess ist hierbei gleichzusetzen mit zwischenmenschlicher Beziehung und dem Durchdringen zu den freigelegten Emotionen des Menschen<\/p>\n\n\n\n<p>&#8222;&#8230; der K\u00f6rper, nun wieder allein, liegt zerfetzt und zur\u00fcckgelassen da, die emotionalen Schichten gewaltsam freigelegt.&#8220;<\/p>\n\n\n\n<div style=\"height:67px\" aria-hidden=\"true\" class=\"wp-block-spacer\"><\/div>\n\n\n\n<h2 class=\"wp-block-heading alignwide\">Film Stills<\/h2>\n\n\n\n<figure class=\"wp-block-gallery alignwide has-nested-images columns-3 wp-block-gallery-1 is-layout-flex wp-block-gallery-is-layout-flex\">\n<figure class=\"wp-block-image size-full\"><img loading=\"lazy\" decoding=\"async\" width=\"2006\" height=\"1125\" data-id=\"178\" src=\"https:\/\/www.smilla-designs.de\/wordpress\/wp-content\/uploads\/2023\/12\/Screenshot-3.png\" alt=\"\" class=\"wp-image-178\" srcset=\"https:\/\/www.smilla-designs.de\/wordpress\/wp-content\/uploads\/2023\/12\/Screenshot-3.png 2006w, https:\/\/www.smilla-designs.de\/wordpress\/wp-content\/uploads\/2023\/12\/Screenshot-3-300x168.png 300w, https:\/\/www.smilla-designs.de\/wordpress\/wp-content\/uploads\/2023\/12\/Screenshot-3-1024x574.png 1024w, https:\/\/www.smilla-designs.de\/wordpress\/wp-content\/uploads\/2023\/12\/Screenshot-3-768x431.png 768w, https:\/\/www.smilla-designs.de\/wordpress\/wp-content\/uploads\/2023\/12\/Screenshot-3-1536x861.png 1536w\" sizes=\"auto, (max-width: 2006px) 100vw, 2006px\" \/><\/figure>\n\n\n\n<figure class=\"wp-block-image size-full\"><img loading=\"lazy\" decoding=\"async\" width=\"1999\" height=\"1127\" data-id=\"179\" src=\"https:\/\/www.smilla-designs.de\/wordpress\/wp-content\/uploads\/2023\/12\/Screenshot-4.png\" alt=\"\" class=\"wp-image-179\" srcset=\"https:\/\/www.smilla-designs.de\/wordpress\/wp-content\/uploads\/2023\/12\/Screenshot-4.png 1999w, https:\/\/www.smilla-designs.de\/wordpress\/wp-content\/uploads\/2023\/12\/Screenshot-4-300x169.png 300w, https:\/\/www.smilla-designs.de\/wordpress\/wp-content\/uploads\/2023\/12\/Screenshot-4-1024x577.png 1024w, https:\/\/www.smilla-designs.de\/wordpress\/wp-content\/uploads\/2023\/12\/Screenshot-4-768x433.png 768w, https:\/\/www.smilla-designs.de\/wordpress\/wp-content\/uploads\/2023\/12\/Screenshot-4-1536x866.png 1536w\" sizes=\"auto, (max-width: 1999px) 100vw, 1999px\" \/><\/figure>\n\n\n\n<figure class=\"wp-block-image size-full\"><img loading=\"lazy\" decoding=\"async\" width=\"1995\" height=\"1127\" data-id=\"176\" src=\"https:\/\/www.smilla-designs.de\/wordpress\/wp-content\/uploads\/2023\/12\/Screenshot-5.png\" alt=\"\" class=\"wp-image-176\" srcset=\"https:\/\/www.smilla-designs.de\/wordpress\/wp-content\/uploads\/2023\/12\/Screenshot-5.png 1995w, https:\/\/www.smilla-designs.de\/wordpress\/wp-content\/uploads\/2023\/12\/Screenshot-5-300x169.png 300w, https:\/\/www.smilla-designs.de\/wordpress\/wp-content\/uploads\/2023\/12\/Screenshot-5-1024x578.png 1024w, https:\/\/www.smilla-designs.de\/wordpress\/wp-content\/uploads\/2023\/12\/Screenshot-5-768x434.png 768w, https:\/\/www.smilla-designs.de\/wordpress\/wp-content\/uploads\/2023\/12\/Screenshot-5-1536x868.png 1536w\" sizes=\"auto, (max-width: 1995px) 100vw, 1995px\" \/><\/figure>\n\n\n\n<figure class=\"wp-block-image size-full\"><img loading=\"lazy\" decoding=\"async\" width=\"2000\" height=\"1125\" data-id=\"177\" src=\"https:\/\/www.smilla-designs.de\/wordpress\/wp-content\/uploads\/2023\/12\/Screenshot-6b-1.png\" alt=\"\" class=\"wp-image-177\" srcset=\"https:\/\/www.smilla-designs.de\/wordpress\/wp-content\/uploads\/2023\/12\/Screenshot-6b-1.png 2000w, https:\/\/www.smilla-designs.de\/wordpress\/wp-content\/uploads\/2023\/12\/Screenshot-6b-1-300x169.png 300w, https:\/\/www.smilla-designs.de\/wordpress\/wp-content\/uploads\/2023\/12\/Screenshot-6b-1-1024x576.png 1024w, https:\/\/www.smilla-designs.de\/wordpress\/wp-content\/uploads\/2023\/12\/Screenshot-6b-1-768x432.png 768w, https:\/\/www.smilla-designs.de\/wordpress\/wp-content\/uploads\/2023\/12\/Screenshot-6b-1-1536x864.png 1536w\" sizes=\"auto, (max-width: 2000px) 100vw, 2000px\" \/><\/figure>\n\n\n\n<figure class=\"wp-block-image size-full\"><img loading=\"lazy\" decoding=\"async\" width=\"2002\" height=\"1127\" data-id=\"181\" src=\"https:\/\/www.smilla-designs.de\/wordpress\/wp-content\/uploads\/2023\/12\/Screenshot-8.png\" alt=\"\" class=\"wp-image-181\" srcset=\"https:\/\/www.smilla-designs.de\/wordpress\/wp-content\/uploads\/2023\/12\/Screenshot-8.png 2002w, https:\/\/www.smilla-designs.de\/wordpress\/wp-content\/uploads\/2023\/12\/Screenshot-8-300x169.png 300w, https:\/\/www.smilla-designs.de\/wordpress\/wp-content\/uploads\/2023\/12\/Screenshot-8-1024x576.png 1024w, https:\/\/www.smilla-designs.de\/wordpress\/wp-content\/uploads\/2023\/12\/Screenshot-8-768x432.png 768w, https:\/\/www.smilla-designs.de\/wordpress\/wp-content\/uploads\/2023\/12\/Screenshot-8-1536x865.png 1536w\" sizes=\"auto, (max-width: 2002px) 100vw, 2002px\" \/><\/figure>\n\n\n\n<figure class=\"wp-block-image size-full\"><img loading=\"lazy\" decoding=\"async\" width=\"2002\" height=\"1132\" data-id=\"175\" src=\"https:\/\/www.smilla-designs.de\/wordpress\/wp-content\/uploads\/2023\/12\/Screenshot-10.png\" alt=\"\" class=\"wp-image-175\" srcset=\"https:\/\/www.smilla-designs.de\/wordpress\/wp-content\/uploads\/2023\/12\/Screenshot-10.png 2002w, https:\/\/www.smilla-designs.de\/wordpress\/wp-content\/uploads\/2023\/12\/Screenshot-10-300x170.png 300w, https:\/\/www.smilla-designs.de\/wordpress\/wp-content\/uploads\/2023\/12\/Screenshot-10-1024x579.png 1024w, https:\/\/www.smilla-designs.de\/wordpress\/wp-content\/uploads\/2023\/12\/Screenshot-10-768x434.png 768w, https:\/\/www.smilla-designs.de\/wordpress\/wp-content\/uploads\/2023\/12\/Screenshot-10-1536x869.png 1536w\" sizes=\"auto, (max-width: 2002px) 100vw, 2002px\" \/><\/figure>\n\n\n\n<figure class=\"wp-block-image size-full\"><img loading=\"lazy\" decoding=\"async\" width=\"1998\" height=\"1124\" data-id=\"180\" src=\"https:\/\/www.smilla-designs.de\/wordpress\/wp-content\/uploads\/2023\/12\/Screenshot-11.png\" alt=\"\" class=\"wp-image-180\" srcset=\"https:\/\/www.smilla-designs.de\/wordpress\/wp-content\/uploads\/2023\/12\/Screenshot-11.png 1998w, https:\/\/www.smilla-designs.de\/wordpress\/wp-content\/uploads\/2023\/12\/Screenshot-11-300x169.png 300w, https:\/\/www.smilla-designs.de\/wordpress\/wp-content\/uploads\/2023\/12\/Screenshot-11-1024x576.png 1024w, https:\/\/www.smilla-designs.de\/wordpress\/wp-content\/uploads\/2023\/12\/Screenshot-11-768x432.png 768w, https:\/\/www.smilla-designs.de\/wordpress\/wp-content\/uploads\/2023\/12\/Screenshot-11-1536x864.png 1536w\" sizes=\"auto, (max-width: 1998px) 100vw, 1998px\" \/><\/figure>\n<\/figure>\n\n\n\n<div style=\"height:100px\" aria-hidden=\"true\" class=\"wp-block-spacer\"><\/div>\n\n\n\n<h2 class=\"wp-block-heading alignwide\">Part 1<\/h2>\n\n\n\n<figure class=\"wp-block-embed is-type-video is-provider-youtube wp-block-embed-youtube wp-embed-aspect-16-9 wp-has-aspect-ratio\"><div class=\"wp-block-embed__wrapper\">\n<iframe loading=\"lazy\" title=\"Integumentum Part1 Smilla Heidmann AV Medien\" width=\"500\" height=\"281\" src=\"https:\/\/www.youtube.com\/embed\/lQno1Ufch2I?feature=oembed\" frameborder=\"0\" allow=\"accelerometer; autoplay; clipboard-write; encrypted-media; gyroscope; picture-in-picture; web-share\" referrerpolicy=\"strict-origin-when-cross-origin\" allowfullscreen><\/iframe>\n<\/div><\/figure>\n\n\n\n<div style=\"height:100px\" aria-hidden=\"true\" class=\"wp-block-spacer\"><\/div>\n\n\n\n<h2 class=\"wp-block-heading alignwide\">Part 2<\/h2>\n\n\n\n<figure class=\"wp-block-embed is-type-video is-provider-youtube wp-block-embed-youtube wp-embed-aspect-16-9 wp-has-aspect-ratio\"><div class=\"wp-block-embed__wrapper\">\n<iframe loading=\"lazy\" title=\"Integumentum Part2 SmillaHeidmann AV Medien\" width=\"500\" height=\"281\" src=\"https:\/\/www.youtube.com\/embed\/J7kYRc2P4WM?feature=oembed\" frameborder=\"0\" allow=\"accelerometer; autoplay; clipboard-write; encrypted-media; gyroscope; picture-in-picture; web-share\" referrerpolicy=\"strict-origin-when-cross-origin\" allowfullscreen><\/iframe>\n<\/div><\/figure>\n","protected":false},"excerpt":{"rendered":"<p>Integumentum Def.; K\u00f6rperdecke, bzw. \u00e4u\u00dfere K\u00f6rperh\u00fclle des Menschen. Zum Thema &#8222;H\u00e4utungen&#8220; galt es eigene Ideen in Form von Video und Ton zu verkn\u00fcpfen und k\u00fcnstlerisch umzusetzen. Das Thema wird dabei auf ganz pers\u00f6nliche Weise reflektiert: Der Prozess der H\u00e4utung wird filmisch dargestellt, die zus\u00e4tzlich aufgetragene Hautschicht verfremdet den K\u00f6rper dabei, so das dieser k\u00fcnstlich verzerrt [&hellip;]<\/p>\n","protected":false},"author":1,"featured_media":0,"parent":0,"menu_order":0,"comment_status":"closed","ping_status":"closed","template":"","meta":{"footnotes":""},"class_list":["post-135","page","type-page","status-publish","hentry"],"_links":{"self":[{"href":"https:\/\/www.smilla-designs.de\/index.php?rest_route=\/wp\/v2\/pages\/135","targetHints":{"allow":["GET"]}}],"collection":[{"href":"https:\/\/www.smilla-designs.de\/index.php?rest_route=\/wp\/v2\/pages"}],"about":[{"href":"https:\/\/www.smilla-designs.de\/index.php?rest_route=\/wp\/v2\/types\/page"}],"author":[{"embeddable":true,"href":"https:\/\/www.smilla-designs.de\/index.php?rest_route=\/wp\/v2\/users\/1"}],"replies":[{"embeddable":true,"href":"https:\/\/www.smilla-designs.de\/index.php?rest_route=%2Fwp%2Fv2%2Fcomments&post=135"}],"version-history":[{"count":5,"href":"https:\/\/www.smilla-designs.de\/index.php?rest_route=\/wp\/v2\/pages\/135\/revisions"}],"predecessor-version":[{"id":184,"href":"https:\/\/www.smilla-designs.de\/index.php?rest_route=\/wp\/v2\/pages\/135\/revisions\/184"}],"wp:attachment":[{"href":"https:\/\/www.smilla-designs.de\/index.php?rest_route=%2Fwp%2Fv2%2Fmedia&parent=135"}],"curies":[{"name":"wp","href":"https:\/\/api.w.org\/{rel}","templated":true}]}}