{"id":115,"date":"2023-12-07T20:23:32","date_gmt":"2023-12-07T18:23:32","guid":{"rendered":"https:\/\/www.smilla-designs.de\/?page_id=115"},"modified":"2023-12-08T14:57:01","modified_gmt":"2023-12-08T12:57:01","slug":"qr-fusion","status":"publish","type":"page","link":"https:\/\/www.smilla-designs.de\/?page_id=115","title":{"rendered":"QR\/Fusion"},"content":{"rendered":"\n<h2 class=\"wp-block-heading alignwide\">QR &#8211; Fusion<\/h2>\n\n\n\n<p>QR-Fusion ist ein Contemporary Magazin, welches sich in jeder Ausgabe mit dem Thema Schreiben auf verschiedenste Weisen auseinandersetzt. Zielgruppe sind junge Erwachsene welche sich mit Themen wie Kunst, Fotografie, Musik, etc. besch\u00e4ftigen. Das Magazin l\u00e4sst sich im Laden nicht durchbl\u00e4ttern, da der Einband am Rand verschlossen ist. Durch Scannen des QR-Codes wird ein Trailer f\u00fcr das Magazin abgerufen. Zus\u00e4tzlich sind innerhalb des Magazins weitere QR-Codes zu finden, welche die Bildsprache zus\u00e4tzlich digital per Video erweitern.<\/p>\n\n\n\n<p>Das Projekt ist in Zusammenarbeit mit Hannah Makki und Rebecca Kasemir entstanden.<\/p>\n\n\n\n<p><\/p>\n\n\n\n<h2 class=\"wp-block-heading alignwide\">Typografie<\/h2>\n\n\n\n<div style=\"height:54px\" aria-hidden=\"true\" class=\"wp-block-spacer\"><\/div>\n\n\n\n<figure class=\"wp-block-gallery alignwide has-nested-images columns-default is-cropped wp-block-gallery-1 is-layout-flex wp-block-gallery-is-layout-flex\">\n<figure class=\"wp-block-image size-large\"><img loading=\"lazy\" decoding=\"async\" width=\"960\" height=\"499\" data-id=\"399\" src=\"https:\/\/www.smilla-designs.de\/wordpress\/wp-content\/uploads\/2023\/12\/Screenshot-49-4.png\" alt=\"\" class=\"wp-image-399\" srcset=\"https:\/\/www.smilla-designs.de\/wordpress\/wp-content\/uploads\/2023\/12\/Screenshot-49-4.png 960w, https:\/\/www.smilla-designs.de\/wordpress\/wp-content\/uploads\/2023\/12\/Screenshot-49-4-300x156.png 300w, https:\/\/www.smilla-designs.de\/wordpress\/wp-content\/uploads\/2023\/12\/Screenshot-49-4-768x399.png 768w\" sizes=\"auto, (max-width: 960px) 100vw, 960px\" \/><\/figure>\n\n\n\n<figure class=\"wp-block-image size-large\"><img loading=\"lazy\" decoding=\"async\" width=\"928\" height=\"456\" data-id=\"398\" src=\"https:\/\/www.smilla-designs.de\/wordpress\/wp-content\/uploads\/2023\/12\/Screenshot-50-4.png\" alt=\"\" class=\"wp-image-398\" srcset=\"https:\/\/www.smilla-designs.de\/wordpress\/wp-content\/uploads\/2023\/12\/Screenshot-50-4.png 928w, https:\/\/www.smilla-designs.de\/wordpress\/wp-content\/uploads\/2023\/12\/Screenshot-50-4-300x147.png 300w, https:\/\/www.smilla-designs.de\/wordpress\/wp-content\/uploads\/2023\/12\/Screenshot-50-4-768x377.png 768w\" sizes=\"auto, (max-width: 928px) 100vw, 928px\" \/><\/figure>\n<\/figure>\n\n\n\n<div style=\"height:28px\" aria-hidden=\"true\" class=\"wp-block-spacer\"><\/div>\n\n\n\n<figure class=\"wp-block-image size-full\"><img loading=\"lazy\" decoding=\"async\" width=\"974\" height=\"556\" src=\"https:\/\/www.smilla-designs.de\/wordpress\/wp-content\/uploads\/2023\/12\/Screenshot-51-3.png\" alt=\"\" class=\"wp-image-401\" srcset=\"https:\/\/www.smilla-designs.de\/wordpress\/wp-content\/uploads\/2023\/12\/Screenshot-51-3.png 974w, https:\/\/www.smilla-designs.de\/wordpress\/wp-content\/uploads\/2023\/12\/Screenshot-51-3-300x171.png 300w, https:\/\/www.smilla-designs.de\/wordpress\/wp-content\/uploads\/2023\/12\/Screenshot-51-3-768x438.png 768w\" sizes=\"auto, (max-width: 974px) 100vw, 974px\" \/><\/figure>\n\n\n\n<div style=\"height:54px\" aria-hidden=\"true\" class=\"wp-block-spacer\"><\/div>\n\n\n\n<h2 class=\"wp-block-heading alignwide\">Raster\/Layout<\/h2>\n\n\n\n<div style=\"height:50px\" aria-hidden=\"true\" class=\"wp-block-spacer\"><\/div>\n\n\n\n<figure class=\"wp-block-gallery alignwide has-nested-images columns-default is-cropped wp-block-gallery-2 is-layout-flex wp-block-gallery-is-layout-flex\">\n<figure class=\"wp-block-image size-large\"><img loading=\"lazy\" decoding=\"async\" width=\"987\" height=\"615\" data-id=\"373\" src=\"https:\/\/www.smilla-designs.de\/wordpress\/wp-content\/uploads\/2023\/12\/Screenshot-52.png\" alt=\"\" class=\"wp-image-373\" srcset=\"https:\/\/www.smilla-designs.de\/wordpress\/wp-content\/uploads\/2023\/12\/Screenshot-52.png 987w, https:\/\/www.smilla-designs.de\/wordpress\/wp-content\/uploads\/2023\/12\/Screenshot-52-300x187.png 300w, https:\/\/www.smilla-designs.de\/wordpress\/wp-content\/uploads\/2023\/12\/Screenshot-52-768x479.png 768w\" sizes=\"auto, (max-width: 987px) 100vw, 987px\" \/><\/figure>\n\n\n\n<figure class=\"wp-block-image size-large\"><img loading=\"lazy\" decoding=\"async\" width=\"987\" height=\"615\" data-id=\"371\" src=\"https:\/\/www.smilla-designs.de\/wordpress\/wp-content\/uploads\/2023\/12\/Screenshot-54.png\" alt=\"\" class=\"wp-image-371\" srcset=\"https:\/\/www.smilla-designs.de\/wordpress\/wp-content\/uploads\/2023\/12\/Screenshot-54.png 987w, https:\/\/www.smilla-designs.de\/wordpress\/wp-content\/uploads\/2023\/12\/Screenshot-54-300x187.png 300w, https:\/\/www.smilla-designs.de\/wordpress\/wp-content\/uploads\/2023\/12\/Screenshot-54-768x479.png 768w\" sizes=\"auto, (max-width: 987px) 100vw, 987px\" \/><\/figure>\n\n\n\n<figure class=\"wp-block-image size-large\"><img loading=\"lazy\" decoding=\"async\" width=\"990\" height=\"613\" data-id=\"374\" src=\"https:\/\/www.smilla-designs.de\/wordpress\/wp-content\/uploads\/2023\/12\/Screenshot-55.png\" alt=\"\" class=\"wp-image-374\" srcset=\"https:\/\/www.smilla-designs.de\/wordpress\/wp-content\/uploads\/2023\/12\/Screenshot-55.png 990w, https:\/\/www.smilla-designs.de\/wordpress\/wp-content\/uploads\/2023\/12\/Screenshot-55-300x186.png 300w, https:\/\/www.smilla-designs.de\/wordpress\/wp-content\/uploads\/2023\/12\/Screenshot-55-768x476.png 768w\" sizes=\"auto, (max-width: 990px) 100vw, 990px\" \/><\/figure>\n\n\n\n<figure class=\"wp-block-image size-large\"><img loading=\"lazy\" decoding=\"async\" width=\"1006\" height=\"616\" data-id=\"375\" src=\"https:\/\/www.smilla-designs.de\/wordpress\/wp-content\/uploads\/2023\/12\/Screenshot-53.png\" alt=\"\" class=\"wp-image-375\" srcset=\"https:\/\/www.smilla-designs.de\/wordpress\/wp-content\/uploads\/2023\/12\/Screenshot-53.png 1006w, https:\/\/www.smilla-designs.de\/wordpress\/wp-content\/uploads\/2023\/12\/Screenshot-53-300x184.png 300w, https:\/\/www.smilla-designs.de\/wordpress\/wp-content\/uploads\/2023\/12\/Screenshot-53-768x470.png 768w\" sizes=\"auto, (max-width: 1006px) 100vw, 1006px\" \/><\/figure>\n\n\n\n<figure class=\"wp-block-image size-large\"><img loading=\"lazy\" decoding=\"async\" width=\"988\" height=\"612\" data-id=\"372\" src=\"https:\/\/www.smilla-designs.de\/wordpress\/wp-content\/uploads\/2023\/12\/Screenshot-56.png\" alt=\"\" class=\"wp-image-372\" srcset=\"https:\/\/www.smilla-designs.de\/wordpress\/wp-content\/uploads\/2023\/12\/Screenshot-56.png 988w, https:\/\/www.smilla-designs.de\/wordpress\/wp-content\/uploads\/2023\/12\/Screenshot-56-300x186.png 300w, https:\/\/www.smilla-designs.de\/wordpress\/wp-content\/uploads\/2023\/12\/Screenshot-56-768x476.png 768w\" sizes=\"auto, (max-width: 988px) 100vw, 988px\" \/><\/figure>\n<\/figure>\n\n\n\n<div style=\"height:52px\" aria-hidden=\"true\" class=\"wp-block-spacer\"><\/div>\n\n\n\n<h2 class=\"wp-block-heading alignwide\">Teaser video<\/h2>\n\n\n\n<div style=\"height:38px\" aria-hidden=\"true\" class=\"wp-block-spacer\"><\/div>\n\n\n\n<figure class=\"wp-block-embed is-type-video is-provider-vimeo wp-block-embed-vimeo wp-embed-aspect-9-16 wp-has-aspect-ratio\"><div class=\"wp-block-embed__wrapper\">\n<iframe loading=\"lazy\" title=\"QR-Fusion\" src=\"https:\/\/player.vimeo.com\/video\/843446933?dnt=1&amp;app_id=122963\" width=\"422\" height=\"750\" frameborder=\"0\" allow=\"autoplay; fullscreen; picture-in-picture; clipboard-write\"><\/iframe>\n<\/div><\/figure>\n\n\n\n<div style=\"height:42px\" aria-hidden=\"true\" class=\"wp-block-spacer\"><\/div>\n\n\n\n<h2 class=\"wp-block-heading alignwide\">Finales Magazin<\/h2>\n\n\n\n<div style=\"height:50px\" aria-hidden=\"true\" class=\"wp-block-spacer\"><\/div>\n\n\n\n<figure class=\"wp-block-gallery alignwide has-nested-images columns-2 is-cropped wp-block-gallery-3 is-layout-flex wp-block-gallery-is-layout-flex\">\n<figure class=\"wp-block-image size-large\"><img loading=\"lazy\" decoding=\"async\" width=\"1024\" height=\"644\" data-id=\"387\" src=\"https:\/\/www.smilla-designs.de\/wordpress\/wp-content\/uploads\/2023\/12\/qr1-1024x644.jpg\" alt=\"\" class=\"wp-image-387\" srcset=\"https:\/\/www.smilla-designs.de\/wordpress\/wp-content\/uploads\/2023\/12\/qr1-1024x644.jpg 1024w, https:\/\/www.smilla-designs.de\/wordpress\/wp-content\/uploads\/2023\/12\/qr1-300x189.jpg 300w, https:\/\/www.smilla-designs.de\/wordpress\/wp-content\/uploads\/2023\/12\/qr1-768x483.jpg 768w, https:\/\/www.smilla-designs.de\/wordpress\/wp-content\/uploads\/2023\/12\/qr1-1536x965.jpg 1536w, https:\/\/www.smilla-designs.de\/wordpress\/wp-content\/uploads\/2023\/12\/qr1.jpg 2048w\" sizes=\"auto, (max-width: 1024px) 100vw, 1024px\" \/><\/figure>\n\n\n\n<figure class=\"wp-block-image size-large\"><img loading=\"lazy\" decoding=\"async\" width=\"1024\" height=\"576\" data-id=\"384\" src=\"https:\/\/www.smilla-designs.de\/wordpress\/wp-content\/uploads\/2023\/12\/q4-1024x576.jpg\" alt=\"\" class=\"wp-image-384\" srcset=\"https:\/\/www.smilla-designs.de\/wordpress\/wp-content\/uploads\/2023\/12\/q4-1024x576.jpg 1024w, https:\/\/www.smilla-designs.de\/wordpress\/wp-content\/uploads\/2023\/12\/q4-300x169.jpg 300w, https:\/\/www.smilla-designs.de\/wordpress\/wp-content\/uploads\/2023\/12\/q4-768x432.jpg 768w, https:\/\/www.smilla-designs.de\/wordpress\/wp-content\/uploads\/2023\/12\/q4-1536x864.jpg 1536w, https:\/\/www.smilla-designs.de\/wordpress\/wp-content\/uploads\/2023\/12\/q4.jpg 2048w\" sizes=\"auto, (max-width: 1024px) 100vw, 1024px\" \/><\/figure>\n\n\n\n<figure class=\"wp-block-image size-large\"><img loading=\"lazy\" decoding=\"async\" width=\"1024\" height=\"576\" data-id=\"382\" src=\"https:\/\/www.smilla-designs.de\/wordpress\/wp-content\/uploads\/2023\/12\/qr2-1024x576.jpg\" alt=\"\" class=\"wp-image-382\" srcset=\"https:\/\/www.smilla-designs.de\/wordpress\/wp-content\/uploads\/2023\/12\/qr2-1024x576.jpg 1024w, https:\/\/www.smilla-designs.de\/wordpress\/wp-content\/uploads\/2023\/12\/qr2-300x169.jpg 300w, https:\/\/www.smilla-designs.de\/wordpress\/wp-content\/uploads\/2023\/12\/qr2-768x432.jpg 768w, https:\/\/www.smilla-designs.de\/wordpress\/wp-content\/uploads\/2023\/12\/qr2-1536x864.jpg 1536w, https:\/\/www.smilla-designs.de\/wordpress\/wp-content\/uploads\/2023\/12\/qr2.jpg 2048w\" sizes=\"auto, (max-width: 1024px) 100vw, 1024px\" \/><\/figure>\n\n\n\n<figure class=\"wp-block-image size-large\"><img loading=\"lazy\" decoding=\"async\" width=\"1024\" height=\"576\" data-id=\"379\" src=\"https:\/\/www.smilla-designs.de\/wordpress\/wp-content\/uploads\/2023\/12\/qr3-1024x576.jpg\" alt=\"\" class=\"wp-image-379\" srcset=\"https:\/\/www.smilla-designs.de\/wordpress\/wp-content\/uploads\/2023\/12\/qr3-1024x576.jpg 1024w, https:\/\/www.smilla-designs.de\/wordpress\/wp-content\/uploads\/2023\/12\/qr3-300x169.jpg 300w, https:\/\/www.smilla-designs.de\/wordpress\/wp-content\/uploads\/2023\/12\/qr3-768x432.jpg 768w, https:\/\/www.smilla-designs.de\/wordpress\/wp-content\/uploads\/2023\/12\/qr3-1536x864.jpg 1536w, https:\/\/www.smilla-designs.de\/wordpress\/wp-content\/uploads\/2023\/12\/qr3.jpg 2048w\" sizes=\"auto, (max-width: 1024px) 100vw, 1024px\" \/><\/figure>\n\n\n\n<figure class=\"wp-block-image size-large\"><img loading=\"lazy\" decoding=\"async\" width=\"1024\" height=\"576\" data-id=\"380\" src=\"https:\/\/www.smilla-designs.de\/wordpress\/wp-content\/uploads\/2023\/12\/qr5-1024x576.jpg\" alt=\"\" class=\"wp-image-380\" srcset=\"https:\/\/www.smilla-designs.de\/wordpress\/wp-content\/uploads\/2023\/12\/qr5-1024x576.jpg 1024w, https:\/\/www.smilla-designs.de\/wordpress\/wp-content\/uploads\/2023\/12\/qr5-300x169.jpg 300w, https:\/\/www.smilla-designs.de\/wordpress\/wp-content\/uploads\/2023\/12\/qr5-768x432.jpg 768w, https:\/\/www.smilla-designs.de\/wordpress\/wp-content\/uploads\/2023\/12\/qr5-1536x864.jpg 1536w, https:\/\/www.smilla-designs.de\/wordpress\/wp-content\/uploads\/2023\/12\/qr5.jpg 2048w\" sizes=\"auto, (max-width: 1024px) 100vw, 1024px\" \/><\/figure>\n\n\n\n<figure class=\"wp-block-image size-large\"><img loading=\"lazy\" decoding=\"async\" width=\"1024\" height=\"576\" data-id=\"383\" src=\"https:\/\/www.smilla-designs.de\/wordpress\/wp-content\/uploads\/2023\/12\/qr7-1024x576.jpg\" alt=\"\" class=\"wp-image-383\" srcset=\"https:\/\/www.smilla-designs.de\/wordpress\/wp-content\/uploads\/2023\/12\/qr7-1024x576.jpg 1024w, https:\/\/www.smilla-designs.de\/wordpress\/wp-content\/uploads\/2023\/12\/qr7-300x169.jpg 300w, https:\/\/www.smilla-designs.de\/wordpress\/wp-content\/uploads\/2023\/12\/qr7-768x432.jpg 768w, https:\/\/www.smilla-designs.de\/wordpress\/wp-content\/uploads\/2023\/12\/qr7-1536x864.jpg 1536w, https:\/\/www.smilla-designs.de\/wordpress\/wp-content\/uploads\/2023\/12\/qr7.jpg 2048w\" sizes=\"auto, (max-width: 1024px) 100vw, 1024px\" \/><\/figure>\n\n\n\n<figure class=\"wp-block-image size-large\"><img loading=\"lazy\" decoding=\"async\" width=\"1024\" height=\"576\" data-id=\"386\" src=\"https:\/\/www.smilla-designs.de\/wordpress\/wp-content\/uploads\/2023\/12\/qr8-1024x576.jpg\" alt=\"\" class=\"wp-image-386\" srcset=\"https:\/\/www.smilla-designs.de\/wordpress\/wp-content\/uploads\/2023\/12\/qr8-1024x576.jpg 1024w, https:\/\/www.smilla-designs.de\/wordpress\/wp-content\/uploads\/2023\/12\/qr8-300x169.jpg 300w, https:\/\/www.smilla-designs.de\/wordpress\/wp-content\/uploads\/2023\/12\/qr8-768x432.jpg 768w, https:\/\/www.smilla-designs.de\/wordpress\/wp-content\/uploads\/2023\/12\/qr8-1536x864.jpg 1536w, https:\/\/www.smilla-designs.de\/wordpress\/wp-content\/uploads\/2023\/12\/qr8.jpg 2048w\" sizes=\"auto, (max-width: 1024px) 100vw, 1024px\" \/><\/figure>\n\n\n\n<figure class=\"wp-block-image size-large\"><img loading=\"lazy\" decoding=\"async\" width=\"1024\" height=\"683\" data-id=\"389\" src=\"https:\/\/www.smilla-designs.de\/wordpress\/wp-content\/uploads\/2023\/12\/qr9-1024x683.jpg\" alt=\"\" class=\"wp-image-389\" srcset=\"https:\/\/www.smilla-designs.de\/wordpress\/wp-content\/uploads\/2023\/12\/qr9-1024x683.jpg 1024w, https:\/\/www.smilla-designs.de\/wordpress\/wp-content\/uploads\/2023\/12\/qr9-300x200.jpg 300w, https:\/\/www.smilla-designs.de\/wordpress\/wp-content\/uploads\/2023\/12\/qr9-768x512.jpg 768w, https:\/\/www.smilla-designs.de\/wordpress\/wp-content\/uploads\/2023\/12\/qr9-1536x1024.jpg 1536w, https:\/\/www.smilla-designs.de\/wordpress\/wp-content\/uploads\/2023\/12\/qr9.jpg 2048w\" sizes=\"auto, (max-width: 1024px) 100vw, 1024px\" \/><\/figure>\n\n\n\n<figure class=\"wp-block-image size-large\"><img loading=\"lazy\" decoding=\"async\" width=\"1024\" height=\"576\" data-id=\"388\" src=\"https:\/\/www.smilla-designs.de\/wordpress\/wp-content\/uploads\/2023\/12\/qr11-1024x576.jpg\" alt=\"\" class=\"wp-image-388\" srcset=\"https:\/\/www.smilla-designs.de\/wordpress\/wp-content\/uploads\/2023\/12\/qr11-1024x576.jpg 1024w, https:\/\/www.smilla-designs.de\/wordpress\/wp-content\/uploads\/2023\/12\/qr11-300x169.jpg 300w, https:\/\/www.smilla-designs.de\/wordpress\/wp-content\/uploads\/2023\/12\/qr11-768x432.jpg 768w, https:\/\/www.smilla-designs.de\/wordpress\/wp-content\/uploads\/2023\/12\/qr11-1536x864.jpg 1536w, https:\/\/www.smilla-designs.de\/wordpress\/wp-content\/uploads\/2023\/12\/qr11.jpg 2048w\" sizes=\"auto, (max-width: 1024px) 100vw, 1024px\" \/><\/figure>\n\n\n\n<figure class=\"wp-block-image size-large\"><img loading=\"lazy\" decoding=\"async\" width=\"1024\" height=\"576\" data-id=\"385\" src=\"https:\/\/www.smilla-designs.de\/wordpress\/wp-content\/uploads\/2023\/12\/qr10-1024x576.jpg\" alt=\"\" class=\"wp-image-385\" srcset=\"https:\/\/www.smilla-designs.de\/wordpress\/wp-content\/uploads\/2023\/12\/qr10-1024x576.jpg 1024w, https:\/\/www.smilla-designs.de\/wordpress\/wp-content\/uploads\/2023\/12\/qr10-300x169.jpg 300w, https:\/\/www.smilla-designs.de\/wordpress\/wp-content\/uploads\/2023\/12\/qr10-768x432.jpg 768w, https:\/\/www.smilla-designs.de\/wordpress\/wp-content\/uploads\/2023\/12\/qr10-1536x864.jpg 1536w, https:\/\/www.smilla-designs.de\/wordpress\/wp-content\/uploads\/2023\/12\/qr10.jpg 2048w\" sizes=\"auto, (max-width: 1024px) 100vw, 1024px\" \/><\/figure>\n\n\n\n<figure class=\"wp-block-image size-large\"><img loading=\"lazy\" decoding=\"async\" width=\"1024\" height=\"845\" data-id=\"390\" src=\"https:\/\/www.smilla-designs.de\/wordpress\/wp-content\/uploads\/2023\/12\/qr12-1024x845.jpg\" alt=\"\" class=\"wp-image-390\" srcset=\"https:\/\/www.smilla-designs.de\/wordpress\/wp-content\/uploads\/2023\/12\/qr12-1024x845.jpg 1024w, https:\/\/www.smilla-designs.de\/wordpress\/wp-content\/uploads\/2023\/12\/qr12-300x248.jpg 300w, https:\/\/www.smilla-designs.de\/wordpress\/wp-content\/uploads\/2023\/12\/qr12-768x634.jpg 768w, https:\/\/www.smilla-designs.de\/wordpress\/wp-content\/uploads\/2023\/12\/qr12-1536x1268.jpg 1536w, https:\/\/www.smilla-designs.de\/wordpress\/wp-content\/uploads\/2023\/12\/qr12-2048x1691.jpg 2048w\" sizes=\"auto, (max-width: 1024px) 100vw, 1024px\" \/><\/figure>\n<\/figure>\n","protected":false},"excerpt":{"rendered":"<p>QR &#8211; Fusion QR-Fusion ist ein Contemporary Magazin, welches sich in jeder Ausgabe mit dem Thema Schreiben auf verschiedenste Weisen auseinandersetzt. Zielgruppe sind junge Erwachsene welche sich mit Themen wie Kunst, Fotografie, Musik, etc. besch\u00e4ftigen. Das Magazin l\u00e4sst sich im Laden nicht durchbl\u00e4ttern, da der Einband am Rand verschlossen ist. Durch Scannen des QR-Codes wird [&hellip;]<\/p>\n","protected":false},"author":1,"featured_media":0,"parent":0,"menu_order":0,"comment_status":"closed","ping_status":"closed","template":"","meta":{"footnotes":""},"class_list":["post-115","page","type-page","status-publish","hentry"],"_links":{"self":[{"href":"https:\/\/www.smilla-designs.de\/index.php?rest_route=\/wp\/v2\/pages\/115","targetHints":{"allow":["GET"]}}],"collection":[{"href":"https:\/\/www.smilla-designs.de\/index.php?rest_route=\/wp\/v2\/pages"}],"about":[{"href":"https:\/\/www.smilla-designs.de\/index.php?rest_route=\/wp\/v2\/types\/page"}],"author":[{"embeddable":true,"href":"https:\/\/www.smilla-designs.de\/index.php?rest_route=\/wp\/v2\/users\/1"}],"replies":[{"embeddable":true,"href":"https:\/\/www.smilla-designs.de\/index.php?rest_route=%2Fwp%2Fv2%2Fcomments&post=115"}],"version-history":[{"count":6,"href":"https:\/\/www.smilla-designs.de\/index.php?rest_route=\/wp\/v2\/pages\/115\/revisions"}],"predecessor-version":[{"id":402,"href":"https:\/\/www.smilla-designs.de\/index.php?rest_route=\/wp\/v2\/pages\/115\/revisions\/402"}],"wp:attachment":[{"href":"https:\/\/www.smilla-designs.de\/index.php?rest_route=%2Fwp%2Fv2%2Fmedia&parent=115"}],"curies":[{"name":"wp","href":"https:\/\/api.w.org\/{rel}","templated":true}]}}